{"id":2192,"date":"2023-12-30T19:20:25","date_gmt":"2023-12-30T18:20:25","guid":{"rendered":"https:\/\/patrimoine-de-pennautier.fr\/?page_id=2192"},"modified":"2024-04-14T14:55:39","modified_gmt":"2024-04-14T12:55:39","slug":"blasons-des-seigneurs","status":"publish","type":"page","link":"https:\/\/patrimoine-de-pennautier.fr\/index.php\/blasons-des-seigneurs\/","title":{"rendered":"Blasons des seigneurs"},"content":{"rendered":"\n<p><\/p>\n\n\n\n<h2 class=\"wp-block-heading has-text-align-center has-medium-font-size\" style=\"text-transform:none\">Les blasons et armories des seigneurs, notables, \u00e9v\u00eaques, cur\u00e9s, ainsi que les corporations des m\u00e9tiers, dans les anciennes seigneuries et possessions de la commune de Pennautier.<\/h2>\n\n\n\n<p><\/p>\n\n\n\n<figure class=\"wp-block-gallery has-nested-images columns-4 wp-block-gallery-1 is-layout-flex wp-block-gallery-is-layout-flex\">\n<figure class=\"wp-block-image size-large\"><a href=\"https:\/\/patrimoine-de-pennautier.fr\/wp-content\/uploads\/2023\/12\/b1.gif\"><img loading=\"lazy\" decoding=\"async\" width=\"500\" height=\"500\" data-id=\"2193\" src=\"https:\/\/patrimoine-de-pennautier.fr\/wp-content\/uploads\/2023\/12\/b1.gif\" alt=\"XIII\u00b0 &amp; XIV\u00b0 Famille (de) VOISIN. (Labastide Rougepeyre).\" class=\"wp-image-2193\"\/><\/a><figcaption class=\"wp-element-caption\">XIII\u00b0 &amp; XIV\u00b0 Famille (de) VOISIN. (Labastide Rougepeyre).<\/figcaption><\/figure>\n\n\n\n<figure class=\"wp-block-image size-large\"><a href=\"https:\/\/patrimoine-de-pennautier.fr\/wp-content\/uploads\/2023\/12\/b2.gif\"><img loading=\"lazy\" decoding=\"async\" width=\"500\" height=\"500\" data-id=\"2194\" src=\"https:\/\/patrimoine-de-pennautier.fr\/wp-content\/uploads\/2023\/12\/b2.gif\" alt=\"XIV\u00b0, (de) THEZAN. Podio-Naut\u00e9rio.\" class=\"wp-image-2194\"\/><\/a><figcaption class=\"wp-element-caption\">XIV\u00b0, (de) THEZAN. Pennautier castrum<\/figcaption><\/figure>\n\n\n\n<figure class=\"wp-block-image size-large\"><a href=\"https:\/\/patrimoine-de-pennautier.fr\/wp-content\/uploads\/2023\/12\/b3.gif\"><img loading=\"lazy\" decoding=\"async\" width=\"500\" height=\"500\" data-id=\"2195\" src=\"https:\/\/patrimoine-de-pennautier.fr\/wp-content\/uploads\/2023\/12\/b3.gif\" alt=\"XIV\u00b0, (de) GOUTAUD. Podio-Naut\u00e9rio.\" class=\"wp-image-2195\"\/><\/a><figcaption class=\"wp-element-caption\">XIV\u00b0, (de) GOUTAUD. Pennautier castrum<\/figcaption><\/figure>\n\n\n\n<figure class=\"wp-block-image size-large\"><a href=\"https:\/\/patrimoine-de-pennautier.fr\/wp-content\/uploads\/2023\/12\/b4.gif\"><img loading=\"lazy\" decoding=\"async\" width=\"500\" height=\"500\" data-id=\"2196\" src=\"https:\/\/patrimoine-de-pennautier.fr\/wp-content\/uploads\/2023\/12\/b4.gif\" alt=\"XIV\u00b0, (de) BOYER. Puy-Nautier. Lalande et autres lieux.\" class=\"wp-image-2196\"\/><\/a><figcaption class=\"wp-element-caption\">XIV\u00b0, (de) BOYER. Pennautier castrum, Lalande et autres lieux.<\/figcaption><\/figure>\n\n\n\n<figure class=\"wp-block-image size-large\"><a href=\"https:\/\/patrimoine-de-pennautier.fr\/wp-content\/uploads\/2023\/12\/b5.gif\"><img loading=\"lazy\" decoding=\"async\" width=\"500\" height=\"500\" data-id=\"2197\" src=\"https:\/\/patrimoine-de-pennautier.fr\/wp-content\/uploads\/2023\/12\/b5.gif\" alt=\"XIV\u00b0&amp; XV\u00b0, (de) CORSSIER. Podio-Naut\u00e9rio.\" class=\"wp-image-2197\"\/><\/a><figcaption class=\"wp-element-caption\">XIV\u00b0&amp; XV\u00b0, (de) CORSSIER. Pennautier castrum<\/figcaption><\/figure>\n\n\n\n<figure class=\"wp-block-image size-large\"><a href=\"https:\/\/patrimoine-de-pennautier.fr\/wp-content\/uploads\/2023\/12\/b6.gif\"><img loading=\"lazy\" decoding=\"async\" width=\"500\" height=\"500\" data-id=\"2198\" src=\"https:\/\/patrimoine-de-pennautier.fr\/wp-content\/uploads\/2023\/12\/b6.gif\" alt=\"XV\u00b0&amp; XVI\u00b0, (de) GRAVE. Podio-Naut\u00e9rio.\" class=\"wp-image-2198\"\/><\/a><figcaption class=\"wp-element-caption\">XV\u00b0&amp; XVI\u00b0, (de) GRAVE. Pennautier castrum<\/figcaption><\/figure>\n\n\n\n<figure class=\"wp-block-image size-large\"><a href=\"https:\/\/patrimoine-de-pennautier.fr\/wp-content\/uploads\/2023\/12\/b7.gif\"><img loading=\"lazy\" decoding=\"async\" width=\"500\" height=\"500\" data-id=\"2199\" src=\"https:\/\/patrimoine-de-pennautier.fr\/wp-content\/uploads\/2023\/12\/b7.gif\" alt=\"XV\u00b0&amp; XVI\u00b0, (de) MERLES. \" class=\"wp-image-2199\"\/><\/a><figcaption class=\"wp-element-caption\">XV\u00b0&amp; XVI\u00b0, (de) MERLES. Pennautier castrum<\/figcaption><\/figure>\n\n\n\n<figure class=\"wp-block-image size-large\"><a href=\"https:\/\/patrimoine-de-pennautier.fr\/wp-content\/uploads\/2023\/12\/b8.gif\"><img loading=\"lazy\" decoding=\"async\" width=\"500\" height=\"500\" data-id=\"2200\" src=\"https:\/\/patrimoine-de-pennautier.fr\/wp-content\/uploads\/2023\/12\/b8.gif\" alt=\"XV\u00b0&amp; XVI\u00b0, Alliance, Grave\/Merles.\" class=\"wp-image-2200\"\/><\/a><figcaption class=\"wp-element-caption\">XV\u00b0&amp; XVI\u00b0, Alliance, Grave\/Merles. Pennautier castrum<\/figcaption><\/figure>\n\n\n\n<figure class=\"wp-block-image size-large\"><a href=\"https:\/\/patrimoine-de-pennautier.fr\/wp-content\/uploads\/2023\/12\/b9.gif\"><img loading=\"lazy\" decoding=\"async\" width=\"600\" height=\"600\" data-id=\"2201\" src=\"https:\/\/patrimoine-de-pennautier.fr\/wp-content\/uploads\/2023\/12\/b9.gif\" alt=\"XV\u00b0&amp; XVI\u00b0, (d') AUXILLON. Paret-Longue.\" class=\"wp-image-2201\"\/><\/a><figcaption class=\"wp-element-caption\">XV\u00b0&amp; XVI\u00b0, (d&rsquo;) AUXILLON. Paret-Longue.<\/figcaption><\/figure>\n\n\n\n<figure class=\"wp-block-image size-large\"><a href=\"https:\/\/patrimoine-de-pennautier.fr\/wp-content\/uploads\/2023\/12\/b10.jpg\"><img loading=\"lazy\" decoding=\"async\" width=\"600\" height=\"600\" data-id=\"2202\" src=\"https:\/\/patrimoine-de-pennautier.fr\/wp-content\/uploads\/2023\/12\/b10.jpg\" alt=\"XIV\u00b0, (de) LEVIS. Puynautier.\" class=\"wp-image-2202\" srcset=\"https:\/\/patrimoine-de-pennautier.fr\/wp-content\/uploads\/2023\/12\/b10.jpg 600w, https:\/\/patrimoine-de-pennautier.fr\/wp-content\/uploads\/2023\/12\/b10-300x300.jpg 300w, https:\/\/patrimoine-de-pennautier.fr\/wp-content\/uploads\/2023\/12\/b10-150x150.jpg 150w\" sizes=\"auto, (max-width: 600px) 100vw, 600px\" \/><\/a><figcaption class=\"wp-element-caption\">XIV\u00b0, (de) LEVIS. Pennautier castrum<\/figcaption><\/figure>\n\n\n\n<figure class=\"wp-block-image size-large\"><a href=\"https:\/\/patrimoine-de-pennautier.fr\/wp-content\/uploads\/2023\/12\/b11.gif\"><img loading=\"lazy\" decoding=\"async\" width=\"500\" height=\"500\" data-id=\"2203\" src=\"https:\/\/patrimoine-de-pennautier.fr\/wp-content\/uploads\/2023\/12\/b11.gif\" alt=\"XVI\u00b0, 'de) RIGAUD. Pechnautier.\" class=\"wp-image-2203\"\/><\/a><figcaption class=\"wp-element-caption\">XVI\u00b0, &lsquo;de) RIGAUD. Pennautier. castrum<\/figcaption><\/figure>\n\n\n\n<figure class=\"wp-block-image size-large\"><a href=\"https:\/\/patrimoine-de-pennautier.fr\/wp-content\/uploads\/2023\/12\/b12.gif\"><img loading=\"lazy\" decoding=\"async\" width=\"600\" height=\"600\" data-id=\"2204\" src=\"https:\/\/patrimoine-de-pennautier.fr\/wp-content\/uploads\/2023\/12\/b12.gif\" alt=\"XVI\u00b0, Clermond-Lod\u00e8ve.\" class=\"wp-image-2204\"\/><\/a><figcaption class=\"wp-element-caption\">XVI\u00b0, Clermond-Lod\u00e8ve.<\/figcaption><\/figure>\n\n\n\n<figure class=\"wp-block-image size-large\"><a href=\"https:\/\/patrimoine-de-pennautier.fr\/wp-content\/uploads\/2023\/12\/b13.gif\"><img loading=\"lazy\" decoding=\"async\" width=\"500\" height=\"593\" data-id=\"2205\" src=\"https:\/\/patrimoine-de-pennautier.fr\/wp-content\/uploads\/2023\/12\/b13.gif\" alt=\"XVI\u00b0&amp; XVII\u00b0, (de) REICH. P\u00e9nautier.\" class=\"wp-image-2205\"\/><\/a><figcaption class=\"wp-element-caption\">XVI\u00b0&amp; XVII\u00b0, (de) REICH. Pennautier castrum<\/figcaption><\/figure>\n\n\n\n<figure class=\"wp-block-image size-large\"><a href=\"https:\/\/patrimoine-de-pennautier.fr\/wp-content\/uploads\/2023\/12\/b14.gif\"><img loading=\"lazy\" decoding=\"async\" width=\"600\" height=\"600\" data-id=\"2206\" src=\"https:\/\/patrimoine-de-pennautier.fr\/wp-content\/uploads\/2023\/12\/b14.gif\" alt=\"XVI\u00b0, (de) RIGAUDY, alliance (de) Reich.\" class=\"wp-image-2206\"\/><\/a><figcaption class=\"wp-element-caption\">XVI\u00b0, (de) RIGAUDY, alliance (de) Reich. Pennautier castrum<\/figcaption><\/figure>\n\n\n\n<figure class=\"wp-block-image size-large\"><a href=\"https:\/\/patrimoine-de-pennautier.fr\/wp-content\/uploads\/2023\/12\/b15.gif\"><img loading=\"lazy\" decoding=\"async\" width=\"600\" height=\"600\" data-id=\"2207\" src=\"https:\/\/patrimoine-de-pennautier.fr\/wp-content\/uploads\/2023\/12\/b15.gif\" alt=\"XVII\u00b0, (de) GRIGNAN, Mourres.\" class=\"wp-image-2207\"\/><\/a><figcaption class=\"wp-element-caption\">XVII\u00b0, (de) GRIGNAN, Moures.<\/figcaption><\/figure>\n\n\n\n<figure class=\"wp-block-image size-large\"><a href=\"https:\/\/patrimoine-de-pennautier.fr\/wp-content\/uploads\/2023\/12\/b16.gif\"><img loading=\"lazy\" decoding=\"async\" width=\"600\" height=\"600\" data-id=\"2208\" src=\"https:\/\/patrimoine-de-pennautier.fr\/wp-content\/uploads\/2023\/12\/b16.gif\" alt=\"XVII\u00b0, (de) CALMES, Fonces-Grives.\" class=\"wp-image-2208\"\/><\/a><figcaption class=\"wp-element-caption\">XVII\u00b0, (de) CALMES, Fonces-Grives.<\/figcaption><\/figure>\n\n\n\n<figure class=\"wp-block-image size-large\"><a href=\"https:\/\/patrimoine-de-pennautier.fr\/wp-content\/uploads\/2023\/12\/b17.gif\"><img loading=\"lazy\" decoding=\"async\" width=\"600\" height=\"600\" data-id=\"2209\" src=\"https:\/\/patrimoine-de-pennautier.fr\/wp-content\/uploads\/2023\/12\/b17.gif\" alt=\"XVII\u00b0, BELLISSEN. Lalande.\" class=\"wp-image-2209\"\/><\/a><figcaption class=\"wp-element-caption\">XVII\u00b0, BELLISSEN. Lalande.<\/figcaption><\/figure>\n\n\n\n<figure class=\"wp-block-image size-large\"><a href=\"https:\/\/patrimoine-de-pennautier.fr\/wp-content\/uploads\/2023\/12\/b18.gif\"><img loading=\"lazy\" decoding=\"async\" width=\"600\" height=\"600\" data-id=\"2210\" src=\"https:\/\/patrimoine-de-pennautier.fr\/wp-content\/uploads\/2023\/12\/b18.gif\" alt=\"XVII\u00b0, DUCUP. Labastide Rougepeyre\" class=\"wp-image-2210\"\/><\/a><figcaption class=\"wp-element-caption\">XVII\u00b0, DUCUP. Labastide Rougepeyre<\/figcaption><\/figure>\n\n\n\n<figure class=\"wp-block-image size-large\"><a href=\"https:\/\/patrimoine-de-pennautier.fr\/wp-content\/uploads\/2023\/12\/b19.gif\"><img loading=\"lazy\" decoding=\"async\" width=\"600\" height=\"600\" data-id=\"2211\" src=\"https:\/\/patrimoine-de-pennautier.fr\/wp-content\/uploads\/2023\/12\/b19.gif\" alt=\"XVII\u00b0&amp; XVIII\u00b0, (Le) SECQ. Alliance (de) Reich.\" class=\"wp-image-2211\"\/><\/a><figcaption class=\"wp-element-caption\">XVII\u00b0&amp; XVIII\u00b0, (Le) SECQ. Alliance (de) Reich.<\/figcaption><\/figure>\n\n\n\n<figure class=\"wp-block-image size-large\"><a href=\"https:\/\/patrimoine-de-pennautier.fr\/wp-content\/uploads\/2023\/12\/b20.gif\"><img loading=\"lazy\" decoding=\"async\" width=\"600\" height=\"600\" data-id=\"2212\" src=\"https:\/\/patrimoine-de-pennautier.fr\/wp-content\/uploads\/2023\/12\/b20.gif\" alt=\"XVIII\u00b0, DUFAY. Mourres.\" class=\"wp-image-2212\"\/><\/a><figcaption class=\"wp-element-caption\">XVIII\u00b0, DUFAY. Moures.<\/figcaption><\/figure>\n\n\n\n<figure class=\"wp-block-image size-large\"><a href=\"https:\/\/patrimoine-de-pennautier.fr\/wp-content\/uploads\/2023\/12\/b21.gif\"><img loading=\"lazy\" decoding=\"async\" width=\"600\" height=\"600\" data-id=\"2213\" src=\"https:\/\/patrimoine-de-pennautier.fr\/wp-content\/uploads\/2023\/12\/b21.gif\" alt=\"XVIII\u00b0, (de) SEVIN DE MANSANCAL. Penautier.\" class=\"wp-image-2213\"\/><\/a><figcaption class=\"wp-element-caption\">XVIII\u00b0, (de) SEVIN DE MANSANCAL. Penautier.<\/figcaption><\/figure>\n\n\n\n<figure class=\"wp-block-image size-large\"><a href=\"https:\/\/patrimoine-de-pennautier.fr\/wp-content\/uploads\/2023\/12\/b22.gif\"><img loading=\"lazy\" decoding=\"async\" width=\"600\" height=\"600\" data-id=\"2214\" src=\"https:\/\/patrimoine-de-pennautier.fr\/wp-content\/uploads\/2023\/12\/b22.gif\" alt=\"XVIII\u00b0, (de) MARTIN, Lalande.\" class=\"wp-image-2214\"\/><\/a><figcaption class=\"wp-element-caption\">XVIII\u00b0, (de) MARTIN, Lalande.<\/figcaption><\/figure>\n\n\n\n<figure class=\"wp-block-image size-large\"><a href=\"https:\/\/patrimoine-de-pennautier.fr\/wp-content\/uploads\/2023\/12\/b23.gif\"><img loading=\"lazy\" decoding=\"async\" width=\"600\" height=\"600\" data-id=\"2215\" src=\"https:\/\/patrimoine-de-pennautier.fr\/wp-content\/uploads\/2023\/12\/b23.gif\" alt=\"XVIII\u00b0, (de) BENAVENT. Paret-Longue.\" class=\"wp-image-2215\"\/><\/a><figcaption class=\"wp-element-caption\">XVIII\u00b0, (de) BENAVENT. Paret-Longue.<\/figcaption><\/figure>\n\n\n\n<figure class=\"wp-block-image size-large\"><a href=\"https:\/\/patrimoine-de-pennautier.fr\/wp-content\/uploads\/2023\/12\/b24.gif\"><img loading=\"lazy\" decoding=\"async\" width=\"600\" height=\"600\" data-id=\"2216\" src=\"https:\/\/patrimoine-de-pennautier.fr\/wp-content\/uploads\/2023\/12\/b24.gif\" alt=\"XVIII\u00b0, Alliance Benavent\/Rodez.\" class=\"wp-image-2216\"\/><\/a><figcaption class=\"wp-element-caption\">XVIII\u00b0, Alliance Benavent\/Rodez.<\/figcaption><\/figure>\n\n\n\n<figure class=\"wp-block-image size-large\"><a href=\"https:\/\/patrimoine-de-pennautier.fr\/wp-content\/uploads\/2023\/12\/b25.gif\"><img loading=\"lazy\" decoding=\"async\" width=\"600\" height=\"600\" data-id=\"2217\" src=\"https:\/\/patrimoine-de-pennautier.fr\/wp-content\/uploads\/2023\/12\/b25.gif\" alt=\"XIX\u00b0, (de) BELLOC. Huniac.\" class=\"wp-image-2217\"\/><\/a><figcaption class=\"wp-element-caption\">XIX\u00b0, (de) BELLOC. Huniac.<\/figcaption><\/figure>\n\n\n\n<figure class=\"wp-block-image size-large\"><a href=\"https:\/\/patrimoine-de-pennautier.fr\/wp-content\/uploads\/2023\/12\/b26.gif\"><img loading=\"lazy\" decoding=\"async\" width=\"600\" height=\"600\" data-id=\"2218\" src=\"https:\/\/patrimoine-de-pennautier.fr\/wp-content\/uploads\/2023\/12\/b26.gif\" alt=\"XIX\u00b0, Chamborant.\" class=\"wp-image-2218\"\/><\/a><figcaption class=\"wp-element-caption\">XIX\u00b0, Chamborant.<\/figcaption><\/figure>\n\n\n\n<figure class=\"wp-block-image size-large\"><a href=\"https:\/\/patrimoine-de-pennautier.fr\/wp-content\/uploads\/2023\/12\/b27.gif\"><img loading=\"lazy\" decoding=\"async\" width=\"600\" height=\"600\" data-id=\"2219\" src=\"https:\/\/patrimoine-de-pennautier.fr\/wp-content\/uploads\/2023\/12\/b27.gif\" alt=\"XIX\u00b0, Alliance Belloc\/Chamborant.\" class=\"wp-image-2219\"\/><\/a><figcaption class=\"wp-element-caption\">XIX\u00b0, Alliance Belloc\/Chamborant.<\/figcaption><\/figure>\n\n\n\n<figure class=\"wp-block-image size-large\"><a href=\"https:\/\/patrimoine-de-pennautier.fr\/wp-content\/uploads\/2023\/12\/b28.gif\"><img loading=\"lazy\" decoding=\"async\" width=\"600\" height=\"600\" data-id=\"2220\" src=\"https:\/\/patrimoine-de-pennautier.fr\/wp-content\/uploads\/2023\/12\/b28.gif\" alt=\"XVIII\u00b0&amp; XIX\u00b0, BEYNAGUET. Pennautier.\" class=\"wp-image-2220\"\/><\/a><figcaption class=\"wp-element-caption\">XVIII\u00b0&amp; XIX\u00b0, BEYNAGUET. Pennautier.<\/figcaption><\/figure>\n\n\n\n<figure class=\"wp-block-image size-large\"><a href=\"https:\/\/patrimoine-de-pennautier.fr\/wp-content\/uploads\/2023\/12\/b29.gif\"><img loading=\"lazy\" decoding=\"async\" width=\"600\" height=\"600\" data-id=\"2221\" src=\"https:\/\/patrimoine-de-pennautier.fr\/wp-content\/uploads\/2023\/12\/b29.gif\" alt=\"XIX\u00b0, (de) CLARET de St.FELIX, Alliance avec (de) Reich.\" class=\"wp-image-2221\"\/><\/a><figcaption class=\"wp-element-caption\">XIX\u00b0, (de) CLARET de St.FELIX, Alliance avec (de) Reich.<\/figcaption><\/figure>\n\n\n\n<figure class=\"wp-block-image size-large\"><a href=\"https:\/\/patrimoine-de-pennautier.fr\/wp-content\/uploads\/2023\/12\/b30.gif\"><img loading=\"lazy\" decoding=\"async\" width=\"600\" height=\"600\" data-id=\"2222\" src=\"https:\/\/patrimoine-de-pennautier.fr\/wp-content\/uploads\/2023\/12\/b30.gif\" alt=\"XX\u00b0, (de) LORGERIL, Pennautier, Labastide Rougepeyre.\" class=\"wp-image-2222\"\/><\/a><figcaption class=\"wp-element-caption\">XX\u00b0, (de) LORGERIL, Pennautier, Labastide Rougepeyre.<\/figcaption><\/figure>\n\n\n\n<figure class=\"wp-block-image size-large\"><a href=\"https:\/\/patrimoine-de-pennautier.fr\/wp-content\/uploads\/2023\/12\/b31.gif\"><img loading=\"lazy\" decoding=\"async\" width=\"600\" height=\"600\" data-id=\"2223\" src=\"https:\/\/patrimoine-de-pennautier.fr\/wp-content\/uploads\/2023\/12\/b31.gif\" alt=\"XX\u00b0, HUSSON de SAMPIGNY, avec alliance (de) Lorgeril.\" class=\"wp-image-2223\"\/><\/a><figcaption class=\"wp-element-caption\">XX\u00b0, HUSSON de SAMPIGNY, avec alliance (de) Lorgeril.<\/figcaption><\/figure>\n<\/figure>\n","protected":false},"excerpt":{"rendered":"<p>Les blasons et armories des seigneurs, notables, \u00e9v\u00eaques, cur\u00e9s, ainsi que les corporations des m\u00e9tiers, dans les anciennes seigneuries et possessions de la commune de Pennautier.<\/p>\n","protected":false},"author":1,"featured_media":0,"parent":0,"menu_order":0,"comment_status":"closed","ping_status":"closed","template":"","meta":{"_kadence_starter_templates_imported_post":false,"_kad_post_transparent":"","_kad_post_title":"","_kad_post_layout":"","_kad_post_sidebar_id":"","_kad_post_content_style":"","_kad_post_vertical_padding":"","_kad_post_feature":"","_kad_post_feature_position":"","_kad_post_header":false,"_kad_post_footer":false,"iawp_total_views":25,"footnotes":""},"class_list":["post-2192","page","type-page","status-publish","hentry"],"yoast_head":"<!-- This site is optimized with the Yoast SEO plugin v22.9 - https:\/\/yoast.com\/wordpress\/plugins\/seo\/ -->\n<title>Blasons des seigneurs - Pennautier - Nature et Patrimoine<\/title>\n<meta name=\"robots\" content=\"index, follow, max-snippet:-1, max-image-preview:large, max-video-preview:-1\" \/>\n<link rel=\"canonical\" href=\"https:\/\/patrimoine-de-pennautier.fr\/index.php\/blasons-des-seigneurs\/\" \/>\n<meta property=\"og:locale\" content=\"fr_FR\" \/>\n<meta property=\"og:type\" content=\"article\" \/>\n<meta property=\"og:title\" content=\"Blasons des seigneurs - Pennautier - Nature et Patrimoine\" \/>\n<meta property=\"og:description\" content=\"Les blasons et armories des seigneurs, notables, \u00e9v\u00eaques, cur\u00e9s, ainsi que les corporations des m\u00e9tiers, dans les anciennes seigneuries et possessions de la commune de Pennautier.\" \/>\n<meta property=\"og:url\" content=\"https:\/\/patrimoine-de-pennautier.fr\/index.php\/blasons-des-seigneurs\/\" \/>\n<meta property=\"og:site_name\" content=\"Pennautier - Nature et Patrimoine\" \/>\n<meta property=\"article:modified_time\" content=\"2024-04-14T12:55:39+00:00\" \/>\n<meta property=\"og:image\" content=\"https:\/\/patrimoine-de-pennautier.fr\/wp-content\/uploads\/2023\/12\/b1.gif\" \/>\n<meta name=\"twitter:card\" content=\"summary_large_image\" \/>\n<meta name=\"twitter:label1\" content=\"Dur\u00e9e de lecture estim\u00e9e\" \/>\n\t<meta name=\"twitter:data1\" content=\"8 minutes\" \/>\n<script type=\"application\/ld+json\" class=\"yoast-schema-graph\">{\"@context\":\"https:\/\/schema.org\",\"@graph\":[{\"@type\":\"WebPage\",\"@id\":\"https:\/\/patrimoine-de-pennautier.fr\/index.php\/blasons-des-seigneurs\/\",\"url\":\"https:\/\/patrimoine-de-pennautier.fr\/index.php\/blasons-des-seigneurs\/\",\"name\":\"Blasons des seigneurs - Pennautier - Nature et Patrimoine\",\"isPartOf\":{\"@id\":\"https:\/\/patrimoine-de-pennautier.fr\/#website\"},\"primaryImageOfPage\":{\"@id\":\"https:\/\/patrimoine-de-pennautier.fr\/index.php\/blasons-des-seigneurs\/#primaryimage\"},\"image\":{\"@id\":\"https:\/\/patrimoine-de-pennautier.fr\/index.php\/blasons-des-seigneurs\/#primaryimage\"},\"thumbnailUrl\":\"https:\/\/patrimoine-de-pennautier.fr\/wp-content\/uploads\/2023\/12\/b1.gif\",\"datePublished\":\"2023-12-30T18:20:25+00:00\",\"dateModified\":\"2024-04-14T12:55:39+00:00\",\"breadcrumb\":{\"@id\":\"https:\/\/patrimoine-de-pennautier.fr\/index.php\/blasons-des-seigneurs\/#breadcrumb\"},\"inLanguage\":\"fr-FR\",\"potentialAction\":[{\"@type\":\"ReadAction\",\"target\":[\"https:\/\/patrimoine-de-pennautier.fr\/index.php\/blasons-des-seigneurs\/\"]}]},{\"@type\":\"ImageObject\",\"inLanguage\":\"fr-FR\",\"@id\":\"https:\/\/patrimoine-de-pennautier.fr\/index.php\/blasons-des-seigneurs\/#primaryimage\",\"url\":\"https:\/\/patrimoine-de-pennautier.fr\/wp-content\/uploads\/2023\/12\/b1.gif\",\"contentUrl\":\"https:\/\/patrimoine-de-pennautier.fr\/wp-content\/uploads\/2023\/12\/b1.gif\"},{\"@type\":\"BreadcrumbList\",\"@id\":\"https:\/\/patrimoine-de-pennautier.fr\/index.php\/blasons-des-seigneurs\/#breadcrumb\",\"itemListElement\":[{\"@type\":\"ListItem\",\"position\":1,\"name\":\"Accueil\",\"item\":\"https:\/\/patrimoine-de-pennautier.fr\/\"},{\"@type\":\"ListItem\",\"position\":2,\"name\":\"Blasons des seigneurs\"}]},{\"@type\":\"WebSite\",\"@id\":\"https:\/\/patrimoine-de-pennautier.fr\/#website\",\"url\":\"https:\/\/patrimoine-de-pennautier.fr\/\",\"name\":\"Pennautier - Nature et Patrimoine\",\"description\":\"\",\"publisher\":{\"@id\":\"https:\/\/patrimoine-de-pennautier.fr\/#organization\"},\"potentialAction\":[{\"@type\":\"SearchAction\",\"target\":{\"@type\":\"EntryPoint\",\"urlTemplate\":\"https:\/\/patrimoine-de-pennautier.fr\/?s={search_term_string}\"},\"query-input\":\"required name=search_term_string\"}],\"inLanguage\":\"fr-FR\"},{\"@type\":\"Organization\",\"@id\":\"https:\/\/patrimoine-de-pennautier.fr\/#organization\",\"name\":\"Pennautier - Nature et Patrimoine\",\"url\":\"https:\/\/patrimoine-de-pennautier.fr\/\",\"logo\":{\"@type\":\"ImageObject\",\"inLanguage\":\"fr-FR\",\"@id\":\"https:\/\/patrimoine-de-pennautier.fr\/#\/schema\/logo\/image\/\",\"url\":\"https:\/\/patrimoine-de-pennautier.fr\/wp-content\/uploads\/2023\/11\/logo.png\",\"contentUrl\":\"https:\/\/patrimoine-de-pennautier.fr\/wp-content\/uploads\/2023\/11\/logo.png\",\"width\":2136,\"height\":992,\"caption\":\"Pennautier - Nature et Patrimoine\"},\"image\":{\"@id\":\"https:\/\/patrimoine-de-pennautier.fr\/#\/schema\/logo\/image\/\"}}]}<\/script>\n<!-- \/ Yoast SEO plugin. -->","yoast_head_json":{"title":"Blasons des seigneurs - Pennautier - Nature et Patrimoine","robots":{"index":"index","follow":"follow","max-snippet":"max-snippet:-1","max-image-preview":"max-image-preview:large","max-video-preview":"max-video-preview:-1"},"canonical":"https:\/\/patrimoine-de-pennautier.fr\/index.php\/blasons-des-seigneurs\/","og_locale":"fr_FR","og_type":"article","og_title":"Blasons des seigneurs - Pennautier - Nature et Patrimoine","og_description":"Les blasons et armories des seigneurs, notables, \u00e9v\u00eaques, cur\u00e9s, ainsi que les corporations des m\u00e9tiers, dans les anciennes seigneuries et possessions de la commune de Pennautier.","og_url":"https:\/\/patrimoine-de-pennautier.fr\/index.php\/blasons-des-seigneurs\/","og_site_name":"Pennautier - Nature et Patrimoine","article_modified_time":"2024-04-14T12:55:39+00:00","og_image":[{"url":"https:\/\/patrimoine-de-pennautier.fr\/wp-content\/uploads\/2023\/12\/b1.gif"}],"twitter_card":"summary_large_image","twitter_misc":{"Dur\u00e9e de lecture estim\u00e9e":"8 minutes"},"schema":{"@context":"https:\/\/schema.org","@graph":[{"@type":"WebPage","@id":"https:\/\/patrimoine-de-pennautier.fr\/index.php\/blasons-des-seigneurs\/","url":"https:\/\/patrimoine-de-pennautier.fr\/index.php\/blasons-des-seigneurs\/","name":"Blasons des seigneurs - Pennautier - Nature et Patrimoine","isPartOf":{"@id":"https:\/\/patrimoine-de-pennautier.fr\/#website"},"primaryImageOfPage":{"@id":"https:\/\/patrimoine-de-pennautier.fr\/index.php\/blasons-des-seigneurs\/#primaryimage"},"image":{"@id":"https:\/\/patrimoine-de-pennautier.fr\/index.php\/blasons-des-seigneurs\/#primaryimage"},"thumbnailUrl":"https:\/\/patrimoine-de-pennautier.fr\/wp-content\/uploads\/2023\/12\/b1.gif","datePublished":"2023-12-30T18:20:25+00:00","dateModified":"2024-04-14T12:55:39+00:00","breadcrumb":{"@id":"https:\/\/patrimoine-de-pennautier.fr\/index.php\/blasons-des-seigneurs\/#breadcrumb"},"inLanguage":"fr-FR","potentialAction":[{"@type":"ReadAction","target":["https:\/\/patrimoine-de-pennautier.fr\/index.php\/blasons-des-seigneurs\/"]}]},{"@type":"ImageObject","inLanguage":"fr-FR","@id":"https:\/\/patrimoine-de-pennautier.fr\/index.php\/blasons-des-seigneurs\/#primaryimage","url":"https:\/\/patrimoine-de-pennautier.fr\/wp-content\/uploads\/2023\/12\/b1.gif","contentUrl":"https:\/\/patrimoine-de-pennautier.fr\/wp-content\/uploads\/2023\/12\/b1.gif"},{"@type":"BreadcrumbList","@id":"https:\/\/patrimoine-de-pennautier.fr\/index.php\/blasons-des-seigneurs\/#breadcrumb","itemListElement":[{"@type":"ListItem","position":1,"name":"Accueil","item":"https:\/\/patrimoine-de-pennautier.fr\/"},{"@type":"ListItem","position":2,"name":"Blasons des seigneurs"}]},{"@type":"WebSite","@id":"https:\/\/patrimoine-de-pennautier.fr\/#website","url":"https:\/\/patrimoine-de-pennautier.fr\/","name":"Pennautier - Nature et Patrimoine","description":"","publisher":{"@id":"https:\/\/patrimoine-de-pennautier.fr\/#organization"},"potentialAction":[{"@type":"SearchAction","target":{"@type":"EntryPoint","urlTemplate":"https:\/\/patrimoine-de-pennautier.fr\/?s={search_term_string}"},"query-input":"required name=search_term_string"}],"inLanguage":"fr-FR"},{"@type":"Organization","@id":"https:\/\/patrimoine-de-pennautier.fr\/#organization","name":"Pennautier - Nature et Patrimoine","url":"https:\/\/patrimoine-de-pennautier.fr\/","logo":{"@type":"ImageObject","inLanguage":"fr-FR","@id":"https:\/\/patrimoine-de-pennautier.fr\/#\/schema\/logo\/image\/","url":"https:\/\/patrimoine-de-pennautier.fr\/wp-content\/uploads\/2023\/11\/logo.png","contentUrl":"https:\/\/patrimoine-de-pennautier.fr\/wp-content\/uploads\/2023\/11\/logo.png","width":2136,"height":992,"caption":"Pennautier - Nature et Patrimoine"},"image":{"@id":"https:\/\/patrimoine-de-pennautier.fr\/#\/schema\/logo\/image\/"}}]}},"_links":{"self":[{"href":"https:\/\/patrimoine-de-pennautier.fr\/index.php\/wp-json\/wp\/v2\/pages\/2192","targetHints":{"allow":["GET"]}}],"collection":[{"href":"https:\/\/patrimoine-de-pennautier.fr\/index.php\/wp-json\/wp\/v2\/pages"}],"about":[{"href":"https:\/\/patrimoine-de-pennautier.fr\/index.php\/wp-json\/wp\/v2\/types\/page"}],"author":[{"embeddable":true,"href":"https:\/\/patrimoine-de-pennautier.fr\/index.php\/wp-json\/wp\/v2\/users\/1"}],"replies":[{"embeddable":true,"href":"https:\/\/patrimoine-de-pennautier.fr\/index.php\/wp-json\/wp\/v2\/comments?post=2192"}],"version-history":[{"count":5,"href":"https:\/\/patrimoine-de-pennautier.fr\/index.php\/wp-json\/wp\/v2\/pages\/2192\/revisions"}],"predecessor-version":[{"id":2509,"href":"https:\/\/patrimoine-de-pennautier.fr\/index.php\/wp-json\/wp\/v2\/pages\/2192\/revisions\/2509"}],"wp:attachment":[{"href":"https:\/\/patrimoine-de-pennautier.fr\/index.php\/wp-json\/wp\/v2\/media?parent=2192"}],"curies":[{"name":"wp","href":"https:\/\/api.w.org\/{rel}","templated":true}]}}